{"id":41,"date":"2020-11-05T20:30:59","date_gmt":"2020-11-05T20:30:59","guid":{"rendered":"https:\/\/www.loadcargo.com\/web\/?page_id=41"},"modified":"2020-11-17T22:16:07","modified_gmt":"2020-11-17T22:16:07","slug":"la-empresa","status":"publish","type":"page","link":"https:\/\/www.loadcargo.com\/web\/la-empresa\/","title":{"rendered":"LA EMPRESA"},"content":{"rendered":"<p>[et_pb_section fb_built=\u00bb1&#8243; _builder_version=\u00bb4.6.6&#8243; _module_preset=\u00bbdefault\u00bb background_color=\u00bbrgba(4,113,55,0.55)\u00bb background_image=\u00bbhttps:\/\/www.loadcargo.com\/web\/wp-content\/uploads\/2020\/11\/fondo_encabezado_empresa_2000x700.jpg\u00bb background_blend=\u00bbsoft-light\u00bb hover_enabled=\u00bb0&#8243; sticky_enabled=\u00bb0&#8243;][et_pb_row _builder_version=\u00bb4.6.6&#8243; _module_preset=\u00bbdefault\u00bb][et_pb_column type=\u00bb4_4&#8243; _builder_version=\u00bb4.6.6&#8243; _module_preset=\u00bbdefault\u00bb][et_pb_text _builder_version=\u00bb4.6.6&#8243; _module_preset=\u00bbdefault\u00bb text_font=\u00bbRoboto|700|||||||\u00bb text_text_color=\u00bb#FFFFFF\u00bb text_font_size=\u00bb45px\u00bb text_orientation=\u00bbcenter\u00bb animation_style=\u00bbzoom\u00bb animation_duration=\u00bb2000ms\u00bb]<\/p>\n<p>La Empresa<\/p>\n<p>[\/et_pb_text][\/et_pb_column][\/et_pb_row][\/et_pb_section][et_pb_section fb_built=\u00bb1&#8243; _builder_version=\u00bb4.6.6&#8243; _module_preset=\u00bbdefault\u00bb custom_padding=\u00bb106px|||||\u00bb][et_pb_row _builder_version=\u00bb4.6.6&#8243; _module_preset=\u00bbdefault\u00bb][et_pb_column type=\u00bb4_4&#8243; _builder_version=\u00bb4.6.6&#8243; _module_preset=\u00bbdefault\u00bb][et_pb_text _builder_version=\u00bb4.6.6&#8243; _module_preset=\u00bbdefault\u00bb text_font=\u00bbMontserrat||||||||\u00bb text_orientation=\u00bbjustified\u00bb]<\/p>\n<p style=\"text-align: justify;\"><strong>Load Cargo S.A.S.<\/strong> cuenta con m\u00e1s de 20 a\u00f1os de experiencia en el transporte de carga masiva por carretera en Colombia. Es pionera en el desarrollo de operaciones log\u00edsticas exclusivas con flotas dedicadas en todo el territorio nacional con lo cual puede garantizar un tratamiento y un servicio especializado y ajustado a las necesidades espec\u00edficas de sus clientes.<\/p>\n<p style=\"text-align: justify;\">Desde sus inicios participa activamente en el sector industrial como aliado estrat\u00e9gico de los grandes generadores de carga para el transporte de mercanc\u00edas del sector papelero y de artes graficas, alimentos, cementero, materias primas en bruto como carb\u00f3n y caliza, entre otros, quienes la han elegido por su experiencia y amplio conocimiento del negocio.<\/p>\n<p style=\"text-align: justify;\">En la actualidad la compa\u00f1\u00eda se proyecta competitivamente, destac\u00e1ndose por la seguridad y el cumplimiento de las labores en el \u201cJusto a tiempo\u201d exigido hoy<\/p>\n<p>[\/et_pb_text][\/et_pb_column][\/et_pb_row][\/et_pb_section]<\/p>\n","protected":false},"excerpt":{"rendered":"<p>La EmpresaLoad Cargo S.A.S. cuenta con m\u00e1s de 20 a\u00f1os de experiencia en el transporte de carga masiva por carretera en Colombia. Es pionera en el desarrollo de operaciones log\u00edsticas exclusivas con flotas dedicadas en todo el territorio nacional con lo cual puede garantizar un tratamiento y un servicio especializado y ajustado a las necesidades [&hellip;]<\/p>\n","protected":false},"author":1,"featured_media":0,"parent":0,"menu_order":0,"comment_status":"closed","ping_status":"closed","template":"","meta":{"_et_pb_use_builder":"on","_et_pb_old_content":"<!-- wp:divi\/placeholder \/-->","_et_gb_content_width":""},"_links":{"self":[{"href":"https:\/\/www.loadcargo.com\/web\/wp-json\/wp\/v2\/pages\/41"}],"collection":[{"href":"https:\/\/www.loadcargo.com\/web\/wp-json\/wp\/v2\/pages"}],"about":[{"href":"https:\/\/www.loadcargo.com\/web\/wp-json\/wp\/v2\/types\/page"}],"author":[{"embeddable":true,"href":"https:\/\/www.loadcargo.com\/web\/wp-json\/wp\/v2\/users\/1"}],"replies":[{"embeddable":true,"href":"https:\/\/www.loadcargo.com\/web\/wp-json\/wp\/v2\/comments?post=41"}],"version-history":[{"count":11,"href":"https:\/\/www.loadcargo.com\/web\/wp-json\/wp\/v2\/pages\/41\/revisions"}],"predecessor-version":[{"id":402,"href":"https:\/\/www.loadcargo.com\/web\/wp-json\/wp\/v2\/pages\/41\/revisions\/402"}],"wp:attachment":[{"href":"https:\/\/www.loadcargo.com\/web\/wp-json\/wp\/v2\/media?parent=41"}],"curies":[{"name":"wp","href":"https:\/\/api.w.org\/{rel}","templated":true}]}}